{"id":144,"date":"2024-09-19T11:44:52","date_gmt":"2024-09-19T14:44:52","guid":{"rendered":"http:\/\/grupociasul1.hospedagemdesites.ws\/?page_id=144"},"modified":"2026-02-20T16:20:12","modified_gmt":"2026-02-20T19:20:12","slug":"conteudo","status":"publish","type":"page","link":"https:\/\/www.grupociasul.com.br\/index.php\/conteudo\/","title":{"rendered":"Conte\u00fado"},"content":{"rendered":"\n<div class=\"wp-block-group alignfull has-base-2-color has-text-color has-link-color has-x-large-font-size wp-elements-89fed2b68e00b8a873a2693caa5a5b9c has-global-padding is-layout-constrained wp-container-core-group-is-layout-7be3f0cb wp-block-group-is-layout-constrained has-background\" style=\"min-height:458px;margin-top:0;margin-bottom:0;padding-top:420px;padding-right:var(--wp--preset--spacing--50);padding-bottom:var(--wp--preset--spacing--20);padding-left:var(--wp--preset--spacing--50);background-image:url(&apos;http:\/\/www.grupociasul.com.br\/wp-content\/uploads\/2024\/10\/Site-Grupo-Ciasul_Menu-Conteudos-1.jpg&apos;);background-size:cover;\">\n<div class=\"wp-block-columns alignwide is-layout-flex wp-container-core-columns-is-layout-1da03c2a wp-block-columns-is-layout-flex\">\n<div class=\"wp-block-column is-vertically-aligned-stretch is-layout-flow wp-block-column-is-layout-flow\" style=\"flex-basis:100%\">\n<div class=\"wp-block-group is-vertical is-content-justification-stretch is-layout-flex wp-container-core-group-is-layout-444d5ee8 wp-block-group-is-layout-flex\" style=\"min-height:100%\">\n<p class=\"has-x-large-font-size\" style=\"line-height:1.2\"><strong>Conte\u00fado<\/strong><\/p>\n<\/div>\n<\/div>\n<\/div>\n<\/div>\n\n\n\n<div style=\"height:var(--wp--preset--spacing--50)\" aria-hidden=\"true\" class=\"wp-block-spacer\"><\/div>\n\n\n\n<div class=\"wp-block-group alignfull has-global-padding is-layout-constrained wp-block-group-is-layout-constrained\">\n<div class=\"wp-block-columns alignwide is-layout-flex wp-container-core-columns-is-layout-28f84493 wp-block-columns-is-layout-flex\">\n<div class=\"wp-block-column is-layout-flow wp-block-column-is-layout-flow\">\n<figure class=\"wp-block-image size-large\"><img loading=\"lazy\" decoding=\"async\" width=\"1024\" height=\"351\" src=\"http:\/\/grupociasul1.hospedagemdesites.ws\/wp-content\/uploads\/2024\/10\/Logotipo-Cianews-1024x351.jpg\" alt=\"\" class=\"wp-image-247\" srcset=\"https:\/\/www.grupociasul.com.br\/wp-content\/uploads\/2024\/10\/Logotipo-Cianews-1024x351.jpg 1024w, https:\/\/www.grupociasul.com.br\/wp-content\/uploads\/2024\/10\/Logotipo-Cianews-300x103.jpg 300w, https:\/\/www.grupociasul.com.br\/wp-content\/uploads\/2024\/10\/Logotipo-Cianews-768x263.jpg 768w, https:\/\/www.grupociasul.com.br\/wp-content\/uploads\/2024\/10\/Logotipo-Cianews.jpg 1035w\" sizes=\"auto, (max-width: 1024px) 100vw, 1024px\" \/><\/figure>\n<\/div>\n\n\n\n<div class=\"wp-block-column is-layout-flow wp-block-column-is-layout-flow\" style=\"flex-basis:67%\">\n<p class=\"has-medium-font-size\" style=\"margin-top:0;margin-right:var(--wp--preset--spacing--40);margin-bottom:0;margin-left:var(--wp--preset--spacing--40)\">Confira as \u00faltimas novidades das empresas conglomeradas <br>do Grupo Ciasul em nosso informativo.<\/p>\n<\/div>\n<\/div>\n<\/div>\n\n\n\n<div style=\"height:var(--wp--preset--spacing--50)\" aria-hidden=\"true\" class=\"wp-block-spacer\"><\/div>\n\n\n\n<div class=\"wp-block-group alignfull has-global-padding is-layout-constrained wp-block-group-is-layout-constrained\">\n<div class=\"wp-block-columns alignwide is-layout-flex wp-container-core-columns-is-layout-28f84493 wp-block-columns-is-layout-flex\">\n<div class=\"wp-block-column is-layout-flow wp-block-column-is-layout-flow\">\n<p class=\"has-medium-font-size\" style=\"margin-top:var(--wp--preset--spacing--10);margin-bottom:var(--wp--preset--spacing--10)\"><strong>Edi\u00e7\u00e3o Outubro a Dezembro\/2025<\/strong><\/p>\n<\/div>\n\n\n\n<div class=\"wp-block-column is-layout-flow wp-block-column-is-layout-flow\" style=\"flex-basis:290px\">\n<div class=\"wp-block-buttons is-layout-flex wp-block-buttons-is-layout-flex\">\n<div class=\"wp-block-button has-custom-width wp-block-button__width-100\"><a class=\"wp-block-button__link has-background has-medium-font-size has-custom-font-size wp-element-button\" href=\"http:\/\/www.grupociasul.com.br\/wp-content\/uploads\/2026\/02\/Cianews_Out-Nov-Dez25_Final2.pdf\" style=\"border-radius:13px;background-color:#0d0074;padding-top:22px;padding-bottom:22px\">Baixar o arquivo em PDF<\/a><\/div>\n<\/div>\n<\/div>\n<\/div>\n\n\n\n<div class=\"wp-block-columns alignwide is-layout-flex wp-container-core-columns-is-layout-28f84493 wp-block-columns-is-layout-flex\">\n<div class=\"wp-block-column is-layout-flow wp-block-column-is-layout-flow\">\n<p class=\"has-medium-font-size\" style=\"margin-top:var(--wp--preset--spacing--10);margin-bottom:var(--wp--preset--spacing--10)\"><strong>Edi\u00e7\u00e3o Abril a Junho\/2025<\/strong><\/p>\n<\/div>\n\n\n\n<div class=\"wp-block-column is-layout-flow wp-block-column-is-layout-flow\" style=\"flex-basis:290px\">\n<div class=\"wp-block-buttons is-layout-flex wp-block-buttons-is-layout-flex\">\n<div class=\"wp-block-button has-custom-width wp-block-button__width-100\"><a class=\"wp-block-button__link has-background has-medium-font-size has-custom-font-size wp-element-button\" href=\"http:\/\/www.grupociasul.com.br\/wp-content\/uploads\/2025\/08\/Cianews_Abr-Mai-Jun25_Final.pdf\" style=\"border-radius:13px;background-color:#0d0074;padding-top:22px;padding-bottom:22px\">Baixar o arquivo em PDF<\/a><\/div>\n<\/div>\n<\/div>\n<\/div>\n\n\n\n<div class=\"wp-block-columns alignwide is-layout-flex wp-container-core-columns-is-layout-28f84493 wp-block-columns-is-layout-flex\">\n<div class=\"wp-block-column is-layout-flow wp-block-column-is-layout-flow\">\n<p class=\"has-medium-font-size\" style=\"margin-top:var(--wp--preset--spacing--10);margin-bottom:var(--wp--preset--spacing--10)\"><strong>Edi\u00e7\u00e3o Janeiro a Mar\u00e7o\/202<\/strong>5<\/p>\n<\/div>\n\n\n\n<div class=\"wp-block-column is-layout-flow wp-block-column-is-layout-flow\" style=\"flex-basis:290px\">\n<div class=\"wp-block-buttons is-layout-flex wp-block-buttons-is-layout-flex\">\n<div class=\"wp-block-button has-custom-width wp-block-button__width-100\"><a class=\"wp-block-button__link has-background has-medium-font-size has-custom-font-size wp-element-button\" href=\"https:\/\/www.grupociasul.com.br\/wp-content\/uploads\/2025\/08\/Cianews_Abr-Mai-Jun25_Final.pdf\" style=\"border-radius:13px;background-color:#0d0074;padding-top:22px;padding-bottom:22px\">Baixar o arquivo em PDF<\/a><\/div>\n<\/div>\n<\/div>\n<\/div>\n\n\n\n<div class=\"wp-block-columns alignwide is-layout-flex wp-container-core-columns-is-layout-28f84493 wp-block-columns-is-layout-flex\">\n<div class=\"wp-block-column is-layout-flow wp-block-column-is-layout-flow\">\n<p class=\"has-medium-font-size\" style=\"margin-top:var(--wp--preset--spacing--10);margin-bottom:var(--wp--preset--spacing--10)\"><strong>Edi\u00e7\u00e3o Outubro a Dezembro\/2024<\/strong><\/p>\n<\/div>\n\n\n\n<div class=\"wp-block-column is-layout-flow wp-block-column-is-layout-flow\" style=\"flex-basis:290px\">\n<div class=\"wp-block-buttons is-layout-flex wp-block-buttons-is-layout-flex\">\n<div class=\"wp-block-button has-custom-width wp-block-button__width-100\"><a class=\"wp-block-button__link has-background has-medium-font-size has-custom-font-size wp-element-button\" href=\"http:\/\/www.grupociasul.com.br\/wp-content\/uploads\/2025\/02\/Cianews_Out-Nov-Dez24_Final_compressed.pdf\" style=\"border-radius:13px;background-color:#0d0074;padding-top:22px;padding-bottom:22px\">Baixar o arquivo em PDF<\/a><\/div>\n<\/div>\n<\/div>\n<\/div>\n\n\n\n<div class=\"wp-block-columns alignwide is-layout-flex wp-container-core-columns-is-layout-28f84493 wp-block-columns-is-layout-flex\">\n<div class=\"wp-block-column is-layout-flow wp-block-column-is-layout-flow\">\n<p class=\"has-medium-font-size\" style=\"margin-top:var(--wp--preset--spacing--10);margin-bottom:var(--wp--preset--spacing--10)\"><strong>Edi\u00e7\u00e3o Julho a Setembro\/2024<\/strong><\/p>\n<\/div>\n\n\n\n<div class=\"wp-block-column is-layout-flow wp-block-column-is-layout-flow\" style=\"flex-basis:290px\">\n<div class=\"wp-block-buttons is-layout-flex wp-block-buttons-is-layout-flex\">\n<div class=\"wp-block-button has-custom-width wp-block-button__width-100\"><a class=\"wp-block-button__link has-background has-medium-font-size has-custom-font-size wp-element-button\" href=\"http:\/\/grupociasul1.hospedagemdesites.ws\/wp-content\/uploads\/2024\/10\/Cianews_Jul-Ago-Set24_Final.pdf\" style=\"border-radius:13px;background-color:#0d0074;padding-top:22px;padding-bottom:22px\">Baixar o arquivo em PDF<\/a><\/div>\n<\/div>\n<\/div>\n<\/div>\n\n\n\n<div class=\"wp-block-columns alignwide is-layout-flex wp-container-core-columns-is-layout-28f84493 wp-block-columns-is-layout-flex\">\n<div class=\"wp-block-column is-layout-flow wp-block-column-is-layout-flow\">\n<p class=\"has-medium-font-size\" style=\"margin-top:var(--wp--preset--spacing--10);margin-bottom:var(--wp--preset--spacing--10)\"><strong>Edi\u00e7\u00e3o Abril a Junho\/2024<\/strong><\/p>\n<\/div>\n\n\n\n<div class=\"wp-block-column is-layout-flow wp-block-column-is-layout-flow\" style=\"flex-basis:290px\">\n<div class=\"wp-block-buttons is-layout-flex wp-block-buttons-is-layout-flex\">\n<div class=\"wp-block-button has-custom-width wp-block-button__width-100\"><a class=\"wp-block-button__link has-background has-medium-font-size has-custom-font-size wp-element-button\" href=\"http:\/\/grupociasul1.hospedagemdesites.ws\/wp-content\/uploads\/2024\/11\/Cianews_Abril-Junho24_Final.pdf\" style=\"border-radius:13px;background-color:#0d0074;padding-top:22px;padding-bottom:22px\">Baixar o arquivo em PDF<\/a><\/div>\n<\/div>\n<\/div>\n<\/div>\n\n\n\n<div class=\"wp-block-columns alignwide is-layout-flex wp-container-core-columns-is-layout-28f84493 wp-block-columns-is-layout-flex\">\n<div class=\"wp-block-column is-layout-flow wp-block-column-is-layout-flow\">\n<p class=\"has-medium-font-size\" style=\"margin-top:var(--wp--preset--spacing--10);margin-bottom:var(--wp--preset--spacing--10)\"><strong>Edi\u00e7\u00e3o Janeiro a Mar\u00e7o\/2024<\/strong><\/p>\n<\/div>\n\n\n\n<div class=\"wp-block-column is-layout-flow wp-block-column-is-layout-flow\" style=\"flex-basis:290px\">\n<div class=\"wp-block-buttons is-layout-flex wp-block-buttons-is-layout-flex\">\n<div class=\"wp-block-button has-custom-width wp-block-button__width-100\"><a class=\"wp-block-button__link has-background has-medium-font-size has-custom-font-size wp-element-button\" href=\"http:\/\/grupociasul1.hospedagemdesites.ws\/wp-content\/uploads\/2024\/11\/Cianews_Jan-Fev-Marco24_Final.pdf\" style=\"border-radius:13px;background-color:#0d0074;padding-top:22px;padding-bottom:22px\">Baixar o arquivo em PDF<\/a><\/div>\n<\/div>\n<\/div>\n<\/div>\n<\/div>\n\n\n\n<div class=\"wp-block-group alignwide has-global-padding is-layout-constrained wp-block-group-is-layout-constrained\">\n<div class=\"wp-block-columns is-layout-flex wp-container-core-columns-is-layout-28f84493 wp-block-columns-is-layout-flex\">\n<div class=\"wp-block-column is-layout-flow wp-block-column-is-layout-flow\"><\/div>\n<\/div>\n<\/div>\n\n\n\n<p><\/p>\n","protected":false},"excerpt":{"rendered":"<p>Conte\u00fado Confira as \u00faltimas novidades das empresas conglomeradas do Grupo Ciasul em nosso informativo. Edi\u00e7\u00e3o Outubro a Dezembro\/2025 Edi\u00e7\u00e3o Abril a Junho\/2025 Edi\u00e7\u00e3o Janeiro a Mar\u00e7o\/2025 Edi\u00e7\u00e3o Outubro a Dezembro\/2024 Edi\u00e7\u00e3o Julho a Setembro\/2024 Edi\u00e7\u00e3o Abril a Junho\/2024 Edi\u00e7\u00e3o Janeiro a Mar\u00e7o\/2024<\/p>\n","protected":false},"author":1,"featured_media":0,"parent":0,"menu_order":0,"comment_status":"closed","ping_status":"closed","template":"","meta":{"footnotes":""},"class_list":["post-144","page","type-page","status-publish","hentry"],"_links":{"self":[{"href":"https:\/\/www.grupociasul.com.br\/index.php\/wp-json\/wp\/v2\/pages\/144","targetHints":{"allow":["GET"]}}],"collection":[{"href":"https:\/\/www.grupociasul.com.br\/index.php\/wp-json\/wp\/v2\/pages"}],"about":[{"href":"https:\/\/www.grupociasul.com.br\/index.php\/wp-json\/wp\/v2\/types\/page"}],"author":[{"embeddable":true,"href":"https:\/\/www.grupociasul.com.br\/index.php\/wp-json\/wp\/v2\/users\/1"}],"replies":[{"embeddable":true,"href":"https:\/\/www.grupociasul.com.br\/index.php\/wp-json\/wp\/v2\/comments?post=144"}],"version-history":[{"count":23,"href":"https:\/\/www.grupociasul.com.br\/index.php\/wp-json\/wp\/v2\/pages\/144\/revisions"}],"predecessor-version":[{"id":320,"href":"https:\/\/www.grupociasul.com.br\/index.php\/wp-json\/wp\/v2\/pages\/144\/revisions\/320"}],"wp:attachment":[{"href":"https:\/\/www.grupociasul.com.br\/index.php\/wp-json\/wp\/v2\/media?parent=144"}],"curies":[{"name":"wp","href":"https:\/\/api.w.org\/{rel}","templated":true}]}}