{"id":59,"date":"2024-09-18T17:19:48","date_gmt":"2024-09-18T20:19:48","guid":{"rendered":"http:\/\/grupociasul1.hospedagemdesites.ws\/?page_id=59"},"modified":"2024-11-06T13:18:35","modified_gmt":"2024-11-06T16:18:35","slug":"nossa-essencia","status":"publish","type":"page","link":"https:\/\/www.grupociasul.com.br\/index.php\/nossa-essencia\/","title":{"rendered":"Nossa Ess\u00eancia"},"content":{"rendered":"\n<div class=\"wp-block-group alignfull has-global-padding is-layout-constrained wp-block-group-is-layout-constrained\">\n<div class=\"wp-block-cover alignfull is-light is-repeated has-custom-content-position is-position-bottom-left\" style=\"min-height:497px;aspect-ratio:unset;\"><span aria-hidden=\"true\" class=\"wp-block-cover__background has-background-dim\" style=\"background-color:#948c93\"><\/span><div class=\"wp-block-cover__image-background wp-image-168 is-repeated\" style=\"background-position:50% 50%;background-image:url(http:\/\/www.grupociasul.com.br\/wp-content\/uploads\/2024\/10\/Site-Grupo-Ciasul_Pagina-Nossa-Essencia-1.jpg)\"><\/div><div class=\"wp-block-cover__inner-container has-global-padding is-layout-constrained wp-container-core-cover-is-layout-f36bc466 wp-block-cover-is-layout-constrained\">\n<div class=\"wp-block-columns alignfull are-vertically-aligned-bottom is-layout-flex wp-container-core-columns-is-layout-c819c4ca wp-block-columns-is-layout-flex\" style=\"margin-top:33px;margin-bottom:33px;padding-top:0;padding-right:var(--wp--preset--spacing--60);padding-bottom:0;padding-left:var(--wp--preset--spacing--60)\">\n<div class=\"wp-block-column is-vertically-aligned-bottom is-layout-flow wp-block-column-is-layout-flow\">\n<p class=\"has-text-align-center has-large-font-size\">Nossa Ess\u00eancia<\/p>\n<\/div>\n<\/div>\n<\/div><\/div>\n<\/div>\n\n\n\n<div class=\"wp-block-group alignfull has-base-background-color has-background has-global-padding is-layout-constrained wp-container-core-group-is-layout-d89aad35 wp-block-group-is-layout-constrained\" style=\"margin-top:0;margin-bottom:0;padding-top:var(--wp--preset--spacing--50);padding-right:var(--wp--preset--spacing--50);padding-bottom:var(--wp--preset--spacing--50);padding-left:var(--wp--preset--spacing--50)\">\n<div class=\"wp-block-columns alignwide is-layout-flex wp-container-core-columns-is-layout-549b0c86 wp-block-columns-is-layout-flex\">\n<div class=\"wp-block-column has-global-padding is-content-justification-center is-layout-constrained wp-container-core-column-is-layout-42d62dd4 wp-block-column-is-layout-constrained\" style=\"flex-basis:40%\">\n<p class=\"has-text-color has-link-color wp-elements-a7cda5f2629dd9216609b1e780316c5b\" style=\"color:#31387b\">&#8220;<em>Nossa ess\u00eancia \u00e9 formada pela uni\u00e3o das nossas empresas conglomeradas que possibilita atender de forma completa as necessidades do segmento em que atuamos\u201d<\/em><\/p>\n<\/div>\n\n\n\n<div class=\"wp-block-column is-layout-flow wp-container-core-column-is-layout-119bc444 wp-block-column-is-layout-flow\" style=\"flex-basis:60%\">\n<div class=\"wp-block-columns is-layout-flex wp-container-core-columns-is-layout-87beb0d0 wp-block-columns-is-layout-flex\">\n<div class=\"wp-block-column is-layout-flow wp-block-column-is-layout-flow\">\n<p><strong>Prop\u00f3sito Grupo Ciasul:<\/strong><br>Transformar projetos em realidade.<\/p>\n\n\n\n<p><strong>Miss\u00e3o:<\/strong><br>Atrav\u00e9s da for\u00e7a da uni\u00e3o das nossas empresas, promover a expans\u00e3o de cada uma delas com solu\u00e7\u00f5es que superem expectativas, atendimento de excel\u00eancia e alinhamento com as necessidades do mercado.<\/p>\n\n\n\n<p><strong>Vis\u00e3o:<\/strong><br>Ser o maior grupo, em rendimento e alcance, especializado na oferta de produtos e servi\u00e7os em solu\u00e7\u00f5es inteligentes para constru\u00e7\u00e3o a seco e revestimentos do pa\u00eds.<\/p>\n<\/div>\n\n\n\n<div class=\"wp-block-column is-layout-flow wp-block-column-is-layout-flow\">\n<p><strong>Valores:<\/strong><\/p>\n\n\n\n<ol class=\"wp-block-list\">\n<li>\u00c9tica: fazer o certo quando ningu\u00e9m est\u00e1 vendo, transpar\u00eancia com todos os envolvidos;<\/li>\n\n\n\n<li>Responsabilidade: cada um tem import\u00e2ncia no que faz e participa\u00e7\u00e3o no todo;<\/li>\n\n\n\n<li>Melhoria cont\u00ednua: busca constante por aprimoramento de pessoas, processos, produtos e servi\u00e7os;<\/li>\n\n\n\n<li>Inova\u00e7\u00e3o: iniciativa em buscar e compartilhar novas ideias e solu\u00e7\u00f5es, do simples ao complexo;<\/li>\n\n\n\n<li>Atendimento de Excel\u00eancia: entender o que o outro quer e oferecer o que ele realmente precisa;<\/li>\n\n\n\n<li>Respeito: levar em considera\u00e7\u00e3o a diversidade de opini\u00f5es e necessidades, prevalecendo o que \u00e9 melhor para o todo;<\/li>\n\n\n\n<li>Comprometimento: fazer o melhor em todas as situa\u00e7\u00f5es;<\/li>\n\n\n\n<li>Lideran\u00e7a: ser refer\u00eancia na \u00e1rea de atua\u00e7\u00e3o;<\/li>\n\n\n\n<li>Uni\u00e3o: unir esfor\u00e7os e conhecimentos para entregar excel\u00eancia.<\/li>\n<\/ol>\n<\/div>\n<\/div>\n<\/div>\n<\/div>\n<\/div>\n","protected":false},"excerpt":{"rendered":"<p>&#8220;Nossa ess\u00eancia \u00e9 formada pela uni\u00e3o das nossas empresas conglomeradas que possibilita atender de forma completa as necessidades do segmento em que atuamos\u201d Prop\u00f3sito Grupo Ciasul:Transformar projetos em realidade. Miss\u00e3o:Atrav\u00e9s da for\u00e7a da uni\u00e3o das nossas empresas, promover a expans\u00e3o de cada uma delas com solu\u00e7\u00f5es que superem expectativas, atendimento de excel\u00eancia e alinhamento com [&hellip;]<\/p>\n","protected":false},"author":1,"featured_media":0,"parent":0,"menu_order":0,"comment_status":"closed","ping_status":"closed","template":"","meta":{"footnotes":""},"class_list":["post-59","page","type-page","status-publish","hentry"],"_links":{"self":[{"href":"https:\/\/www.grupociasul.com.br\/index.php\/wp-json\/wp\/v2\/pages\/59","targetHints":{"allow":["GET"]}}],"collection":[{"href":"https:\/\/www.grupociasul.com.br\/index.php\/wp-json\/wp\/v2\/pages"}],"about":[{"href":"https:\/\/www.grupociasul.com.br\/index.php\/wp-json\/wp\/v2\/types\/page"}],"author":[{"embeddable":true,"href":"https:\/\/www.grupociasul.com.br\/index.php\/wp-json\/wp\/v2\/users\/1"}],"replies":[{"embeddable":true,"href":"https:\/\/www.grupociasul.com.br\/index.php\/wp-json\/wp\/v2\/comments?post=59"}],"version-history":[{"count":13,"href":"https:\/\/www.grupociasul.com.br\/index.php\/wp-json\/wp\/v2\/pages\/59\/revisions"}],"predecessor-version":[{"id":267,"href":"https:\/\/www.grupociasul.com.br\/index.php\/wp-json\/wp\/v2\/pages\/59\/revisions\/267"}],"wp:attachment":[{"href":"https:\/\/www.grupociasul.com.br\/index.php\/wp-json\/wp\/v2\/media?parent=59"}],"curies":[{"name":"wp","href":"https:\/\/api.w.org\/{rel}","templated":true}]}}