{"id":81,"date":"2024-09-19T09:26:52","date_gmt":"2024-09-19T12:26:52","guid":{"rendered":"http:\/\/grupociasul1.hospedagemdesites.ws\/?page_id=81"},"modified":"2024-11-06T13:23:00","modified_gmt":"2024-11-06T16:23:00","slug":"social","status":"publish","type":"page","link":"https:\/\/www.grupociasul.com.br\/index.php\/social\/","title":{"rendered":"Social"},"content":{"rendered":"\n<div class=\"wp-block-group alignfull has-base-2-color has-text-color has-link-color has-x-large-font-size wp-elements-f13c11f662b8bb9601830dbaec1c43ea has-global-padding is-layout-constrained wp-container-core-group-is-layout-7be3f0cb wp-block-group-is-layout-constrained has-background\" style=\"min-height:458px;margin-top:0;margin-bottom:0;padding-top:420px;padding-right:var(--wp--preset--spacing--50);padding-bottom:var(--wp--preset--spacing--20);padding-left:var(--wp--preset--spacing--50);background-image:url(&apos;http:\/\/www.grupociasul.com.br\/wp-content\/uploads\/2024\/10\/Site-Grupo-Ciasul_Pagina-Social.jpg&apos;);background-position:51% 41%;background-size:cover;\">\n<div class=\"wp-block-columns alignwide is-layout-flex wp-container-core-columns-is-layout-1da03c2a wp-block-columns-is-layout-flex\">\n<div class=\"wp-block-column is-vertically-aligned-stretch is-layout-flow wp-block-column-is-layout-flow\" style=\"flex-basis:100%\">\n<div class=\"wp-block-group is-vertical is-content-justification-stretch is-layout-flex wp-container-core-group-is-layout-444d5ee8 wp-block-group-is-layout-flex\" style=\"min-height:100%\">\n<p class=\"has-x-large-font-size\" style=\"line-height:1.2\"><strong>Social<\/strong><\/p>\n<\/div>\n<\/div>\n<\/div>\n<\/div>\n\n\n\n<div class=\"wp-block-group alignfull has-base-background-color has-background has-global-padding is-layout-constrained wp-container-core-group-is-layout-8d14f2e7 wp-block-group-is-layout-constrained\" style=\"margin-top:0;margin-bottom:0;padding-top:var(--wp--preset--spacing--30);padding-right:var(--wp--preset--spacing--10);padding-bottom:var(--wp--preset--spacing--30);padding-left:var(--wp--preset--spacing--10)\">\n<div class=\"wp-block-columns alignwide is-layout-flex wp-container-core-columns-is-layout-549b0c86 wp-block-columns-is-layout-flex\">\n<div class=\"wp-block-column is-layout-flow wp-container-core-column-is-layout-4430d9c6 wp-block-column-is-layout-flow\" style=\"padding-right:var(--wp--preset--spacing--50);padding-left:var(--wp--preset--spacing--50);flex-basis:100%\">\n<p>A Responsabilidade Social tamb\u00e9m ocupa cada vez mais espa\u00e7o no Grupo Ciasul e est\u00e1 presente nas atitudes ben\u00e9ficas e proativas realizadas pelas suas empresas conglomeradas, seja com participa\u00e7\u00e3o em programas sociais de diversas institui\u00e7\u00f5es ou por meio de projetos, iniciativas e campanhas internas.<\/p>\n<\/div>\n<\/div>\n<\/div>\n\n\n\n<div class=\"wp-block-group alignfull has-base-background-color has-background has-global-padding is-layout-constrained wp-container-core-group-is-layout-8d14f2e7 wp-block-group-is-layout-constrained\" style=\"margin-top:0;margin-bottom:0;padding-top:var(--wp--preset--spacing--30);padding-right:var(--wp--preset--spacing--10);padding-bottom:var(--wp--preset--spacing--30);padding-left:var(--wp--preset--spacing--10)\">\n<div class=\"wp-block-columns alignwide is-layout-flex wp-container-core-columns-is-layout-549b0c86 wp-block-columns-is-layout-flex\">\n<div class=\"wp-block-column is-layout-flow wp-block-column-is-layout-flow\" style=\"padding-right:0;padding-left:var(--wp--preset--spacing--50);flex-basis:50%\">\n<figure class=\"wp-block-image aligncenter size-large is-resized\"><img decoding=\"async\" src=\"http:\/\/www.grupociasul.com.br\/wp-content\/uploads\/2024\/10\/Captura-de-tela-de-2024-10-15-18-31-38.png\" alt=\"\" style=\"width:258px;height:auto\"\/><\/figure>\n<\/div>\n\n\n\n<div class=\"wp-block-column is-layout-flow wp-container-core-column-is-layout-42d86aaf wp-block-column-is-layout-flow\" style=\"padding-right:var(--wp--preset--spacing--40);padding-left:0;flex-basis:50%\">\n<p>A Associa\u00e7\u00e3o Beneficente Crian\u00e7a Cidad\u00e3 de Santo Andr\u00e9 \u00e9 uma entidade de car\u00e1ter s\u00f3cio-educativo, sem fins lucrativos, que tem como objetivo manter crian\u00e7as privadas das condi\u00e7\u00f5es essenciais de subsist\u00eancia distantes da rua e da ociosidade nociva, promovendo o acompanhamento e orienta\u00e7\u00e3o educacional \u00e0s atividades socioeducativas de modo a propiciar condi\u00e7\u00f5es que os auxiliem em seu desenvolvimento psicossocial, contribuindo para a forma\u00e7\u00e3o de cidad\u00e3os cientes de seus direitos e deveres, dentro de padr\u00f5es estabelecidos pelo Estatuto da Crian\u00e7a e do Adolescente.<br>Saiba mais: <a href=\"https:\/\/abccsa.com.br\/a-associacao\">https:\/\/abccsa.com.br\/a-associacao<\/a><\/p>\n<\/div>\n<\/div>\n<\/div>\n\n\n\n<div class=\"wp-block-group alignfull has-base-background-color has-background has-global-padding is-layout-constrained wp-container-core-group-is-layout-8d14f2e7 wp-block-group-is-layout-constrained\" style=\"margin-top:0;margin-bottom:0;padding-top:var(--wp--preset--spacing--30);padding-right:var(--wp--preset--spacing--10);padding-bottom:var(--wp--preset--spacing--30);padding-left:var(--wp--preset--spacing--10)\">\n<div class=\"wp-block-columns alignwide is-layout-flex wp-container-core-columns-is-layout-549b0c86 wp-block-columns-is-layout-flex\">\n<div class=\"wp-block-column is-layout-flow wp-block-column-is-layout-flow\" style=\"padding-right:0;padding-left:var(--wp--preset--spacing--50);flex-basis:50%\">\n<figure class=\"wp-block-image aligncenter size-large\"><img decoding=\"async\" src=\"http:\/\/www.grupociasul.com.br\/wp-content\/uploads\/2024\/10\/Captura-de-tela-de-2024-10-15-18-31-43.png\" alt=\"\"\/><\/figure>\n<\/div>\n\n\n\n<div class=\"wp-block-column is-layout-flow wp-container-core-column-is-layout-42d86aaf wp-block-column-is-layout-flow\" style=\"padding-right:var(--wp--preset--spacing--40);padding-left:0;flex-basis:50%\">\n<p>Fundado em 1976, o CAMP Piero Pollone tem sido uma for\u00e7a<br>transformadora na vida de adolescentes e jovens em situa\u00e7\u00e3o de<br>vulnerabilidade. Com 3 programas fundamentais &#8211; Desenvolvimento Social\/Profissional e Inform\u00e1tica, Socioaprendizagem e Programa de Est\u00e1gio &#8211; a institui\u00e7\u00e3o oferece n\u00e3o apenas habilidades pr\u00e1ticas, mas tamb\u00e9m com confian\u00e7a, resili\u00eancia e um senso de prop\u00f3sito.<br>Seu programa de aprendizagem oferece uma oportunidade valiosa para os jovens entre 14 e 24 anos ingressarem no mundo do trabalho de forma estruturada e orientada.<br>Saiba mais: <a href=\"https:\/\/www.campsantoandre.org.br\/index.html\">https:\/\/www.campsantoandre.org.br\/index.html<\/a><\/p>\n<\/div>\n<\/div>\n<\/div>\n\n\n\n<div class=\"wp-block-group alignfull has-base-background-color has-background has-global-padding is-layout-constrained wp-container-core-group-is-layout-8d14f2e7 wp-block-group-is-layout-constrained\" style=\"margin-top:0;margin-bottom:0;padding-top:var(--wp--preset--spacing--30);padding-right:var(--wp--preset--spacing--10);padding-bottom:var(--wp--preset--spacing--30);padding-left:var(--wp--preset--spacing--10)\">\n<div class=\"wp-block-columns alignwide is-layout-flex wp-container-core-columns-is-layout-549b0c86 wp-block-columns-is-layout-flex\">\n<div class=\"wp-block-column is-layout-flow wp-block-column-is-layout-flow\" style=\"padding-right:0;padding-left:var(--wp--preset--spacing--50);flex-basis:50%\">\n<figure class=\"wp-block-image aligncenter size-large\"><img decoding=\"async\" src=\"http:\/\/www.grupociasul.com.br\/wp-content\/uploads\/2024\/10\/Captura-de-tela-de-2024-10-15-18-31-48.png\" alt=\"\"\/><\/figure>\n<\/div>\n\n\n\n<div class=\"wp-block-column is-layout-flow wp-container-core-column-is-layout-42d86aaf wp-block-column-is-layout-flow\" style=\"padding-right:var(--wp--preset--spacing--40);padding-left:0;flex-basis:50%\">\n<p>O Grupo Ciasul participa como apoiadora do Programa Empresa<br>Amiga da Crian\u00e7a, criado em 1995, que tem por compromisso engajar o setor empresarial para o desenvolvimento de a\u00e7\u00f5es que<br>impactem positivamente a vida de crian\u00e7as e adolescentes no<br>Brasil.<br>A partir do sucesso no desenvolvimento destas a\u00e7\u00f5es, as empresas s\u00e3o reconhecidas como uma&nbsp;<strong>Empresa Amiga da Crian\u00e7a.<\/strong><br>Saiba mais: <a href=\"https:\/\/www.fadc.org.br\/\">https:\/\/www.fadc.org.br\/<\/a><\/p>\n<\/div>\n<\/div>\n<\/div>\n\n\n\n<div class=\"wp-block-group alignfull has-base-background-color has-background has-global-padding is-layout-constrained wp-container-core-group-is-layout-8d14f2e7 wp-block-group-is-layout-constrained\" style=\"margin-top:0;margin-bottom:0;padding-top:var(--wp--preset--spacing--30);padding-right:var(--wp--preset--spacing--10);padding-bottom:var(--wp--preset--spacing--30);padding-left:var(--wp--preset--spacing--10)\">\n<div class=\"wp-block-columns alignwide is-layout-flex wp-container-core-columns-is-layout-549b0c86 wp-block-columns-is-layout-flex\">\n<div class=\"wp-block-column is-layout-flow wp-container-core-column-is-layout-4430d9c6 wp-block-column-is-layout-flow\" style=\"padding-right:var(--wp--preset--spacing--50);padding-left:var(--wp--preset--spacing--50);flex-basis:100%\">\n<figure class=\"wp-block-image aligncenter size-large is-resized\"><img decoding=\"async\" src=\"http:\/\/www.grupociasul.com.br\/\/wp-content\/uploads\/2024\/10\/campanha-do-agasalho.png\" alt=\"\" style=\"width:766px;height:auto\"\/><\/figure>\n\n\n\n<p>O Grupo Ciasul realiza, todos os anos, a sua Campanha do Agasalho, incentivando os colaboradores, clientes e parceiros das suas empresas conglomeradas a fazerem suas doa\u00e7\u00f5es de roupas,  cal\u00e7ados e cobertores.<br>Todas as doa\u00e7\u00f5es recebidas nos pontos de arrecada\u00e7\u00e3o da Campanha do Agasalho s\u00e3o encaminhadas para a sede do Grupo Ciasul, onde passam por uma triagem, para depois serem encaminhadas \u00e0s entidades escolhidas. A cada ano, uma entidade<br>beneficente ou comunidade da regi\u00e3o \u00e9 escolhida para ser atendida pela campanha, que a cada ano vem crescendo em quantidade de pe\u00e7as arrecadas.<\/p>\n<\/div>\n<\/div>\n<\/div>\n","protected":false},"excerpt":{"rendered":"<p>Social A Responsabilidade Social tamb\u00e9m ocupa cada vez mais espa\u00e7o no Grupo Ciasul e est\u00e1 presente nas atitudes ben\u00e9ficas e proativas realizadas pelas suas empresas conglomeradas, seja com participa\u00e7\u00e3o em programas sociais de diversas institui\u00e7\u00f5es ou por meio de projetos, iniciativas e campanhas internas. A Associa\u00e7\u00e3o Beneficente Crian\u00e7a Cidad\u00e3 de Santo Andr\u00e9 \u00e9 uma entidade [&hellip;]<\/p>\n","protected":false},"author":1,"featured_media":0,"parent":0,"menu_order":0,"comment_status":"closed","ping_status":"closed","template":"","meta":{"footnotes":""},"class_list":["post-81","page","type-page","status-publish","hentry"],"_links":{"self":[{"href":"https:\/\/www.grupociasul.com.br\/index.php\/wp-json\/wp\/v2\/pages\/81","targetHints":{"allow":["GET"]}}],"collection":[{"href":"https:\/\/www.grupociasul.com.br\/index.php\/wp-json\/wp\/v2\/pages"}],"about":[{"href":"https:\/\/www.grupociasul.com.br\/index.php\/wp-json\/wp\/v2\/types\/page"}],"author":[{"embeddable":true,"href":"https:\/\/www.grupociasul.com.br\/index.php\/wp-json\/wp\/v2\/users\/1"}],"replies":[{"embeddable":true,"href":"https:\/\/www.grupociasul.com.br\/index.php\/wp-json\/wp\/v2\/comments?post=81"}],"version-history":[{"count":15,"href":"https:\/\/www.grupociasul.com.br\/index.php\/wp-json\/wp\/v2\/pages\/81\/revisions"}],"predecessor-version":[{"id":273,"href":"https:\/\/www.grupociasul.com.br\/index.php\/wp-json\/wp\/v2\/pages\/81\/revisions\/273"}],"wp:attachment":[{"href":"https:\/\/www.grupociasul.com.br\/index.php\/wp-json\/wp\/v2\/media?parent=81"}],"curies":[{"name":"wp","href":"https:\/\/api.w.org\/{rel}","templated":true}]}}